{"id":8,"date":"2019-02-21T20:20:36","date_gmt":"2019-02-21T20:20:36","guid":{"rendered":"http:\/\/c3.usac.edu.gt\/reformauniversitaria.usac.edu.gt\/public_html\/?page_id=8"},"modified":"2019-06-05T16:14:29","modified_gmt":"2019-06-05T16:14:29","slug":"contacto","status":"publish","type":"page","link":"https:\/\/reformauniversitaria.usac.edu.gt\/index.php\/contacto\/","title":{"rendered":"Contacto"},"content":{"rendered":"\n<p style=\"background-color:#f40f41;color:#ffffff\" class=\"has-text-color has-background\"><span style=\"font-weight: 400;\"><strong>Correo electr\u00f3nico<\/strong><\/span><\/p>\n\n\n\n<p><a href=\"mailto:reformauniversitaria@usac.edu.gt\"><span style=\"font-weight: 400;\">reformauniversitaria@usac.edu.gt<\/span><\/a><\/p>\n\n\n\n<p style=\"background-color:#f40f41;color:#ffffff\" class=\"has-text-color has-background\"><span style=\"font-weight: 400;\"><strong>Tel\u00e9fonos<\/strong><\/span><\/p>\n\n\n\n<p><span style=\"font-weight: 400;\"> (502) 2418-8000 &nbsp;Extensi\u00f3n: 83282 y 83281<\/span><\/p>\n\n\n\n<p style=\"background-color:#f40f41;color:#ffffff\" class=\"has-text-color has-background\"><strong>Ubicaci\u00f3n<\/strong><\/p>\n\n\n\n<p><span style=\"font-weight: 400;\">Edificio DIGA, Segundo Nivel, Oficina de Reforma Universitaria<\/span><\/p>\n\n\n\n<p><span style=\"font-weight: 400;\">Ciudad Universitaria zona 12, Guatemala &nbsp;<\/span><\/p>\n","protected":false},"excerpt":{"rendered":"<p>Correo electr\u00f3nico reformauniversitaria@usac.edu.gt Tel\u00e9fonos (502) 2418-8000 &nbsp;Extensi\u00f3n: 83282 y 83281 Ubicaci\u00f3n Edificio DIGA, Segundo Nivel, Oficina de Reforma Universitaria Ciudad Universitaria zona 12, Guatemala &nbsp;<\/p>\n","protected":false},"author":1,"featured_media":0,"parent":0,"menu_order":0,"comment_status":"closed","ping_status":"closed","template":"","meta":{"footnotes":""},"_links":{"self":[{"href":"https:\/\/reformauniversitaria.usac.edu.gt\/index.php\/wp-json\/wp\/v2\/pages\/8"}],"collection":[{"href":"https:\/\/reformauniversitaria.usac.edu.gt\/index.php\/wp-json\/wp\/v2\/pages"}],"about":[{"href":"https:\/\/reformauniversitaria.usac.edu.gt\/index.php\/wp-json\/wp\/v2\/types\/page"}],"author":[{"embeddable":true,"href":"https:\/\/reformauniversitaria.usac.edu.gt\/index.php\/wp-json\/wp\/v2\/users\/1"}],"replies":[{"embeddable":true,"href":"https:\/\/reformauniversitaria.usac.edu.gt\/index.php\/wp-json\/wp\/v2\/comments?post=8"}],"version-history":[{"count":3,"href":"https:\/\/reformauniversitaria.usac.edu.gt\/index.php\/wp-json\/wp\/v2\/pages\/8\/revisions"}],"predecessor-version":[{"id":81,"href":"https:\/\/reformauniversitaria.usac.edu.gt\/index.php\/wp-json\/wp\/v2\/pages\/8\/revisions\/81"}],"wp:attachment":[{"href":"https:\/\/reformauniversitaria.usac.edu.gt\/index.php\/wp-json\/wp\/v2\/media?parent=8"}],"curies":[{"name":"wp","href":"https:\/\/api.w.org\/{rel}","templated":true}]}}