{"id":54,"date":"2019-02-21T21:11:31","date_gmt":"2019-02-21T21:11:31","guid":{"rendered":"http:\/\/c3.usac.edu.gt\/reformauniversitaria.usac.edu.gt\/public_html\/?page_id=54"},"modified":"2019-06-21T14:29:41","modified_gmt":"2019-06-21T14:29:41","slug":"estructura-administrativa","status":"publish","type":"page","link":"https:\/\/reformauniversitaria.usac.edu.gt\/index.php\/estructura-administrativa\/","title":{"rendered":"Estructura Administrativa"},"content":{"rendered":"\n<p>El Proceso de Reforma Universitaria se desarrolla en Cuatro Planos y Catorce ejes Tem\u00e1ticos y se Organiza en cuatro fases <\/p>\n\n\n\n<ul><li><strong>Preparatoria<\/strong><\/li><li><strong>Pre Congreso<\/strong><\/li><li><strong>Congreso <\/strong><\/li><li><strong>Post &nbsp;Congreso<\/strong><\/li><\/ul>\n\n\n\n<p>Su estructura la conforma la <\/p>\n\n\n\n<ul><li>Comisi\u00f3n Consultiva de Seguimiento y Transparencia CCOST, <\/li><li> Comisi\u00f3n de reforma Universitaria CRU, de la cual se derivan:<\/li><li>Comisi\u00f3n Especifica de Comunicaci\u00f3n Divulgaci\u00f3n y Socializaci\u00f3n CECODYS <\/li><li>Comisi\u00f3n Especifica por Eje Tem\u00e1tico<\/li><\/ul>\n\n\n\n<p>Posterior a la instalaci\u00f3n de la CRU, se instalan las siguientes comisiones:<\/p>\n\n\n\n<ul><li>Comisi\u00f3n Espec\u00edfica de Reforma Universitaria por Unidad Acad\u00e9mica CERUA.  Esta comisi\u00f3n especifica es la encargada de realizar el auto diagnostico en la unidad acad\u00e9mica, por cada uno de los catorce ejes tem\u00e1ticos, contenidos  en  los cuatro planos.  <\/li><li>Comisi\u00f3n Especifica  de Reforma Universitaria por Unidad de la Administraci\u00f3n Central CERUDAC. Esta comisi\u00f3n especifica es la encargada de realizar el auto diagnostico por Unidad Administrativa  por cada uno de los catorce ejes tem\u00e1ticos, contenidos  en  los cuatro planos. <\/li><li>Comisi\u00f3n especifica por Unidades no Adscritas CEUNA,  Esta comisi\u00f3n especifica es la encargada de realizar el auto diagnostico en la Unidad no adscrita,  por cada uno de los catorce ejes tem\u00e1ticos, contenidos  en  los cuatro planos.   <\/li><\/ul>\n","protected":false},"excerpt":{"rendered":"<p>El Proceso de Reforma Universitaria se desarrolla en Cuatro Planos y Catorce ejes Tem\u00e1ticos y se Organiza en cuatro fases Preparatoria Pre Congreso Congreso Post &nbsp;Congreso Su estructura la conforma la Comisi\u00f3n Consultiva de Seguimiento y Transparencia CCOST, Comisi\u00f3n de<\/p>\n","protected":false},"author":1,"featured_media":0,"parent":0,"menu_order":0,"comment_status":"closed","ping_status":"closed","template":"","meta":{"footnotes":""},"_links":{"self":[{"href":"https:\/\/reformauniversitaria.usac.edu.gt\/index.php\/wp-json\/wp\/v2\/pages\/54"}],"collection":[{"href":"https:\/\/reformauniversitaria.usac.edu.gt\/index.php\/wp-json\/wp\/v2\/pages"}],"about":[{"href":"https:\/\/reformauniversitaria.usac.edu.gt\/index.php\/wp-json\/wp\/v2\/types\/page"}],"author":[{"embeddable":true,"href":"https:\/\/reformauniversitaria.usac.edu.gt\/index.php\/wp-json\/wp\/v2\/users\/1"}],"replies":[{"embeddable":true,"href":"https:\/\/reformauniversitaria.usac.edu.gt\/index.php\/wp-json\/wp\/v2\/comments?post=54"}],"version-history":[{"count":6,"href":"https:\/\/reformauniversitaria.usac.edu.gt\/index.php\/wp-json\/wp\/v2\/pages\/54\/revisions"}],"predecessor-version":[{"id":128,"href":"https:\/\/reformauniversitaria.usac.edu.gt\/index.php\/wp-json\/wp\/v2\/pages\/54\/revisions\/128"}],"wp:attachment":[{"href":"https:\/\/reformauniversitaria.usac.edu.gt\/index.php\/wp-json\/wp\/v2\/media?parent=54"}],"curies":[{"name":"wp","href":"https:\/\/api.w.org\/{rel}","templated":true}]}}